{"id":211,"date":"2019-06-22T00:18:56","date_gmt":"2019-06-22T00:18:56","guid":{"rendered":"http:\/\/www.margaridacepeda.com\/2019\/?page_id=211"},"modified":"2020-05-10T19:06:23","modified_gmt":"2020-05-10T19:06:23","slug":"exposicoes","status":"publish","type":"page","link":"http:\/\/www.margaridacepeda.com\/2019\/exposicoes\/","title":{"rendered":"Exposi\u00e7\u00f5es"},"content":{"rendered":"\t\t<div data-elementor-type=\"wp-post\" data-elementor-id=\"211\" class=\"elementor elementor-211\">\n\t\t\t\t\t\t<section class=\"elementor-section elementor-top-section elementor-element elementor-element-23337bf elementor-section-boxed elementor-section-height-default elementor-section-height-default\" data-id=\"23337bf\" data-element_type=\"section\">\n\t\t\t\t\t\t<div class=\"elementor-container elementor-column-gap-default\">\n\t\t\t\t\t<div class=\"elementor-column elementor-col-100 elementor-top-column elementor-element elementor-element-0f4aefb\" data-id=\"0f4aefb\" data-element_type=\"column\">\n\t\t\t<div class=\"elementor-widget-wrap elementor-element-populated\">\n\t\t\t\t\t\t<div class=\"elementor-element elementor-element-036eca5 elementor-widget elementor-widget-text-editor\" data-id=\"036eca5\" data-element_type=\"widget\" data-widget_type=\"text-editor.default\">\n\t\t\t\t<div class=\"elementor-widget-container\">\n\t\t\t\t\t\t\t\t\t<h2 style=\"text-align: center;\">Exposi\u00e7\u00f5es<\/h2>\n<p>A obra de Margarida Cep\u00eada est\u00e1 amplamente representada em v\u00e1rias colec\u00e7\u00f5es privadas em Portugal e no estrangeiro, nomeadamente em Espanha, Fran\u00e7a, Alemanha, Reino Unido e nos Estados Unidos da Am\u00e9rica. Paralelamente, tem participado ao longo da sua carreira em in\u00fameras exposi\u00e7\u00f5es, tanto individuais como colectivas, e que abaixo se indicam.<\/p>\n<div id=\"attachment_231\" style=\"width: 310px\" class=\"wp-caption alignright\"><img fetchpriority=\"high\" decoding=\"async\" aria-describedby=\"caption-attachment-231\" src=\"http:\/\/www.margaridacepeda.com\/2019\/wp-content\/uploads\/2019\/06\/quadro93-1-300x220.jpg\" alt=\"\" width=\"300\" height=\"220\"><p id=\"caption-attachment-231\" class=\"wp-caption-text\">OFERTA (\u00f3leo sobre tela, 60&#215;90 cm, 2005)<\/p><\/div>\n<p><strong>EXPOSI\u00c7\u00d5ES COLECTIVAS<\/strong><br>1982<br>\u2022 Exposi\u00e7\u00e3o de Primavera (artistas juniores), Estoril.<br>\u2022 Exposi\u00e7\u00e3o de Homenagem a Almada Negreiros na Galeria Almada Negreiros, Lisboa<\/p>\n<p>1987<br>\u2022 Exposi\u00e7\u00e3o de Homenagem a Peniche Galveias na Galeria de S\u00e3o Francisco, Lisboa<\/p>\n<p>1988<br>\u2022 Exposi\u00e7\u00e3o de Primavera, Estoril. A artista recebeu uma Men\u00e7\u00e3o Honrosa.<br>\u2022 Galeria de S\u00e3o Francisco, Lisboa<br>\u2022 Exposi\u00e7\u00e3o de Outono (artistas seniores), Estoril<\/p>\n<p>1989<br>\u2022 &#8220;Jovens Artistas Pl\u00e1sticos&#8221;, Estoril<br>\u2022 &#8220;Desenhos&#8221;, Galeria S\u00e3o Francisco, Lisboa.<br>\u2022 Feira de Arte Contempor\u00e2nea, F\u00f3rum Picoas, Lisboa. A artista representou a Galeria S\u00e3o Francisco, Lisboa<br>\u2022 Exposi\u00e7\u00e3o de Ver\u00e3o, Estoril<br>\u2022 Exposi\u00e7\u00e3o comemorativa do 20\u00ba anivers\u00e1rio da GaleriaS\u00e3o Francisco, Lisboa<br>\u2022 Exposi\u00e7\u00e3o de Outono, Estoril<\/p>\n<p>1990<br>\u2022 &#8220;Palimpse(x)tos&#8221;, Galeria Soc Tip, Lisboa<br>\u2022 Exposi\u00e7\u00e3o de Outono, Estoril<br>\u2022 Exposi\u00e7\u00e3o na Exponor, Matosinhos<br>\u2022 Galeria Neupergama Gallery, Torres Novas<\/p>\n<p>1991<br>\u2022 Exposi\u00e7\u00e3o comemorativa do 2\u00ba anivers\u00e1rio da Galeria Soc Tip, Lisboa<br>\u2022 Exposi\u00e7\u00e3o Paredes Brancas, Galeria Almadarte, Costa da Caparica<br>\u2022 Exposi\u00e7\u00e3o de Outono, Estoril<\/p>\n<p>1992<br>\u2022 Desenhos, Galeria de S\u00e3o Francisco, Lisboa<br>\u2022 Exposi\u00e7\u00e3o Bienal de Desportos, Barcelona, Espanha<\/p>\n<p>1993<br>\u2022 Pinturas, Exposi\u00e7\u00e3o na Galeria de S\u00e3o Francisco, Lisboa<br>\u2022 Exposi\u00e7\u00e3o inaugural da Galeria Arte e Mania, Lisboa<br>\u2022 &#8220;Exposi\u00e7\u00e3o de Jovens Pintores&#8221;, Estoril. Foi publicado um livro com o mesmo t\u00edtulo, por esta ocasi\u00e3o.<\/p>\n<p>1994<br>\u2022 Pinturas, Galeria do Mosteiro de Alcoba\u00e7a, Alcoba\u00e7a<br>\u2022 Exposi\u00e7\u00e3o comemorativa do 10\u00ba anivers\u00e1rio da Galeria lnter-Atrium,Porto<br>\u2022 Exposi\u00e7\u00e3o comemorativa do 25\u00ba anivers\u00e1rio da GaleriaS\u00e3o Francisco, Lisboa<\/p>\n<p>1995<br>\u2022 Exposi\u00e7\u00e3o comemorativa do 11\u00ba anivers\u00e1rio da Galeria lnter-Atrium,Porto<\/p>\n<p>1998<br>\u2022 Exposi\u00e7\u00e3o &#8220;L\u00e1grimas de Pedro e In\u00eas&#8221;, Mosteiro de Santa Clara, Coimbra<\/p>\n<p>2001<br>\u2022 Galeria de S\u00e3o Francisco, Lisboa<\/p>\n<p>2004<br>\u2022 Galeria lnter-Atrium, Porto<\/p>\n<p><\/p>\n<div id=\"attachment_232\" style=\"width: 310px\" class=\"wp-caption alignright\"><img decoding=\"async\" aria-describedby=\"caption-attachment-232\" src=\"http:\/\/www.margaridacepeda.com\/2019\/wp-content\/uploads\/2019\/06\/03-1-300x227.jpg\" alt=\"\" width=\"300\" height=\"227\"><p id=\"caption-attachment-232\" class=\"wp-caption-text\">A BELA E O B\u00c9LICO (\u00f3leo sobre tela, 69&#215;90 cm, 2008)<\/p><\/div>\n<p><strong><br>EXPOSI\u00c7\u00d5ES INDIVIDUAIS (\u00d3LEO SOBRE TELA)<\/strong><br>1986 &#8211; Galeria de S\u00e3o Francisco, Lisboa <br>1988 &#8211; Galeria de S\u00e3o Francisco, Lisboa <br>1990 &#8211; Galeria de S\u00e3o Francisco, Lisboa <br>1991 &#8211; Galeria Soc Tip, Lisboa <br>1995 &#8211; Galeria lnter-Atrium, Porto <br>1996 &#8211; Galeria de S\u00e3o Francisco, Lisboa <br>1998 &#8211; Galeria lnter-Atrium, Porto <br>1999 &#8211; New York Academy of Art, Nova Iorque <br>2000 &#8211; Desenhos, Galeria Art For All, Parede <br>2002 &#8211; M\u00e3e D&#8217;\u00c1gua, Lisboa <br>2003 &#8211; Galeria da CM de Wetzlar, Alemanha <br>2004 &#8211; Galeria Galveias, Lisboa <br>2005 &#8211; Galeria lnter-Atrium, Porto<br>2006 &#8211; Galeria Galveias, Lisboa, Portugal<br>2009 &#8211; Galeria Galveias, Lisboa, Portugal<br>2010 &#8211; Galeria Galveias, Lisboa, Portugal<\/p>\n<p><\/p>\n<p><strong><br>OBRA P\u00daBLICA<\/strong><\/p>\n<p>1993 &#8211; Painel (4.16m x 2.64m) para o altar-mor da Igreja de S\u00e3o Louren\u00e7o, Carnide, Lisboa<br><\/p>\n<p>2007 &#8211; Painel de azulejos, esta\u00e7\u00e3o de comboios de Venda do Alcaide, Portugal<\/p>\n<p><br><\/p>\n<p><b>OBRAS em COLEC\u00c7\u00d5ES P\u00daBLICAS ou PRIVADAS<\/b><\/p>\n<p>EDP (Eletricidade de Portugal), Portugal<br>CGD (Caixa Geral de Dep\u00f3sitos), Portugal<br>Cole\u00e7\u00e3o Dr. Il\u00eddio Pinho, Portugal<br>Cole\u00e7\u00e3o William Forbes, USA<br><\/p>\n<p><br><\/p>\t\t\t\t\t\t\t\t<\/div>\n\t\t\t\t<\/div>\n\t\t\t\t\t<\/div>\n\t\t<\/div>\n\t\t\t\t\t<\/div>\n\t\t<\/section>\n\t\t\t\t<\/div>\n\t\t","protected":false},"excerpt":{"rendered":"<p>Exposi\u00e7\u00f5es A obra de Margarida Cep\u00eada est\u00e1 amplamente representada em v\u00e1rias colec\u00e7\u00f5es privadas em Portugal e no estrangeiro, nomeadamente em Espanha, Fran\u00e7a, Alemanha, Reino Unido e nos Estados Unidos da Am\u00e9rica. Paralelamente, tem participado ao longo da sua carreira em in\u00fameras exposi\u00e7\u00f5es, tanto individuais como colectivas, e que abaixo se indicam. EXPOSI\u00c7\u00d5ES COLECTIVAS1982\u2022 Exposi\u00e7\u00e3o de [&hellip;]<\/p>\n","protected":false},"author":1,"featured_media":0,"parent":0,"menu_order":0,"comment_status":"closed","ping_status":"closed","template":"template-parts\/template-homepage.php","meta":{"om_disable_all_campaigns":false,"_monsterinsights_skip_tracking":false,"_monsterinsights_sitenote_active":false,"_monsterinsights_sitenote_note":"","_monsterinsights_sitenote_category":0,"_uf_show_specific_survey":0,"_uf_disable_surveys":false,"footnotes":""},"class_list":["post-211","page","type-page","status-publish","hentry"],"aioseo_notices":[],"_links":{"self":[{"href":"http:\/\/www.margaridacepeda.com\/2019\/wp-json\/wp\/v2\/pages\/211","targetHints":{"allow":["GET"]}}],"collection":[{"href":"http:\/\/www.margaridacepeda.com\/2019\/wp-json\/wp\/v2\/pages"}],"about":[{"href":"http:\/\/www.margaridacepeda.com\/2019\/wp-json\/wp\/v2\/types\/page"}],"author":[{"embeddable":true,"href":"http:\/\/www.margaridacepeda.com\/2019\/wp-json\/wp\/v2\/users\/1"}],"replies":[{"embeddable":true,"href":"http:\/\/www.margaridacepeda.com\/2019\/wp-json\/wp\/v2\/comments?post=211"}],"version-history":[{"count":11,"href":"http:\/\/www.margaridacepeda.com\/2019\/wp-json\/wp\/v2\/pages\/211\/revisions"}],"predecessor-version":[{"id":477,"href":"http:\/\/www.margaridacepeda.com\/2019\/wp-json\/wp\/v2\/pages\/211\/revisions\/477"}],"wp:attachment":[{"href":"http:\/\/www.margaridacepeda.com\/2019\/wp-json\/wp\/v2\/media?parent=211"}],"curies":[{"name":"wp","href":"https:\/\/api.w.org\/{rel}","templated":true}]}}